s + 2418. List the prime factors of c.
5, 173
Suppose 0 = -0*i + 5*i + n - 631, -n = i - 127. Let x = i - 61. What are the prime factors of x?
5, 13
Suppose -2*f = 4*f - 162. Suppose c + 102 = 3*a, 2*a - 4*c = -f + 95. Suppose 0 = a*v - 33*v - 79. What are the prime factors of v?
79
Suppose -8*y + 536 = 184. Suppose 0*c = 22*c - y. What are the prime factors of (6 - (4 - c)) + 299?
3, 101
Let i(q) = -q**3 - 10*q**2 + q + 16. Let y be i(-13). Suppose -5*u = 2*t - y, -4*t + 2*t = 10. List the prime factors of u.
2, 13
Suppose 0 = 2*d - 63 + 217. Let u = 69 - d. List the prime factors of u.
2, 73
What are the prime factors of -7 + (68 + -66)/(2/3119)?
2, 389
Suppose -5*d = q - 65, -4*q + 4*d = -3*q - 56. Let j(c) = c**3 + 10*c**2 - 20*c - 233. Let z be j(-10). Let n = q + z. What are the prime factors of n?
3
Suppose 89*b - 75482 = 78*b. What are the prime factors of b?
2, 47, 73
Suppose 2256 = -39*v + 133*v. What are the prime factors of v?
2, 3
Let x(v) = -22*v + 9. Let j be x(-4). Let i = j - -316. List the prime factors of i.
7, 59
Let l(h) = h**3 + h**2 - 4*h - 5. Let g be l(4). Suppose -87 = 223*c - 252*c. Suppose g = c*u + 8. List the prime factors of u.
17
Let y(k) be the first derivative of -3/2*k**2 + 1/3*k**3 - 4 - 15*k. List the prime factors of y(6).
3
Suppose 15*h + 10334 = -53041. Let j = -2158 - h. List the prime factors of j.
3, 13, 53
Suppose -3*y + 156464 = -q - 27086, 3*y - 183530 = 5*q. What are the prime factors of y?
3, 5, 4079
Let c(l) = -15*l + 66. What are the prime factors of c(-11)?
3, 7, 11
Let b(i) = 13*i**2 - 3*i + 6. Let x be b(-9). Suppose 3*r - 2*r + 4*a - 204 = 0, -5*r + 2*a = -x. List the prime factors of r.
2, 3
Let l = -1 - -1. Let h = 693 + -694. What are the prime factors of ((141/9 + l)*-6)/h?
2, 47
Let l = 34550 + -23362. What are the prime factors of l?
2, 2797
Suppose -c - 5*k + 4888 = -2001, 0 = -c + 5*k + 6859. List the prime factors of c.
2, 7, 491
Let c = -157 + 142. What are the prime factors of ((-1)/3)/(c/59085)?
13, 101
Let g = -491 + 988. Suppose 527 = b - g. What are the prime factors of b?
2
Let f be 4/10 - (-14)/(-35)*1. Suppose 2 + 2 = 4*g, -5*m - 5*g + 250 = f. Let o = 43 + m. List the prime factors of o.
2, 23
List the prime factors of 2290 - ((-24)/72 - 4*8/(-6)).
5, 457
Let i = 340 - 300. What are the prime factors of (-299)/((-20)/i*(-4)/(-2))?
13, 23
Let l = -880 - -2045. Suppose 0*m - 3*m - 5*h + 1163 = 0, 3*m + 4*h - l = 0. List the prime factors of m.
17, 23
Let p(k) = 153*k + 2. Let g = -52 + 54. Let o be p(g). Suppose 0*v + o = 5*v - 4*m, 0 = -v - 4*m + 52. What are the prime factors of v?
2, 3, 5
Suppose 54*g - 293415 = 505243 - 258388. What are the prime factors of g?
3, 5, 23, 29
Let w(s) = -58*s - 16. Let k = 102 - 106. What are the prime factors of w(k)?
2, 3
What are the prime factors of 13319 + 7*((-18)/(-7))/6?
2, 6661
Let v(c) = -56*c + 24. Let o be v(-6). Suppose 10*n - 7*n = o. Suppose -6*w = -0*w - n. What are the prime factors of w?
2, 5
Let m(c) = 53*c + 33. Let h be m(7). Let s = 805 - h. What are the prime factors of s?
401
Suppose -3*d - d = -5*i + 136, 5*i = -4*d + 104. Let y(w) = i*w - 6*w + 22*w**2 - 39 + w**3 + 0*w**3. List the prime factors of y(-21).
2, 3
Suppose 2*z + 122 = 3*o, o = -o + 5*z + 63. Suppose 263 = 11*l + 98. Let w = l + o. What are the prime factors of w?
59
What are the prime factors of (-9 - -25) + -13 - -17375?
2, 8689
Suppose 43*d - 48*d = -680. Let h = d + 42. What are the prime factors of h?
2, 89
Suppose -161*n - 677400 = -221*n. What are the prime factors of n?
2, 5, 1129
Suppose -6*s + 143 = 5*s. Let n(m) = -m**3 + 17 + 4*m**3 + s*m**2 + 3*m**3 - 5*m**3 - 34*m. List the prime factors of n(-15).
7, 11
Suppose -2 + 21 = d. Suppose -22*j = -d*j - 21. List the prime factors of (j - (0 + -1))*5.
2, 5
Let j = 2452 + -4574. Let l = -1366 - j. List the prime factors of l.
2, 3, 7
Suppose -3*y = -h + 9, -3*y + 4*h - 4 = 32. Suppose -3*u + 7672 = u. Suppose -8*x + x + u = y. What are the prime factors of x?
2, 137
Let s = -279 + 315. Suppose -s*f - 2328 = -44*f. List the prime factors of f.
3, 97
Let i(u) = 2*u**2 + 36*u + 106. Let d be i(-31). List the prime factors of ((-25)/20)/((-3)/d*1).
2, 5, 19
Suppose -18494 = -2*d + 5*z, -176*d - 37024 = -180*d + z. List the prime factors of d.
9257
Let v(w) be the second derivative of -w**6/40 - w**5/30 + 2*w**4/3 - 29*w. Let y(d) be the third derivative of v(d). What are the prime factors of y(-7)?
2, 61
Let d(h) = 34*h**2 - 11*h + 15. Let f be d(5). Let a = -424 + f. Suppose -109 = -5*i + a. What are the prime factors of i?
3, 11
Suppose 159868 + 6615926 = 93*o. List the prime factors of o.
2, 3, 12143
Suppose 32 - 36 = -b. Suppose -d - 3 = 0, b*y + 0*y - d = 19. Suppose -4*t + 2*i - y*i = -226, 0 = 4*t + i - 225. What are the prime factors of t?
2, 7
Suppose -2*c - 54 = -5*c. Suppose c*j + 594 = 24*j. Suppose 6*w - 369 = -j. What are the prime factors of w?
3, 5
Let n be ((-1)/(2/(-63)))/(51/136). Let y = 83 - n. Let a = y + 38. List the prime factors of a.
37
Let o(j) = -j**2 + 11*j - 6. Let l be o(8). Let s be l/8 + (-6)/(-8). What are the prime factors of (-3)/(1*s/(-214 - 2))?
2, 3
Let b(k) = 26*k**2 - 11*k + 4. Let a be b(5). Suppose d = -z + a, 4*d = 6*d + 4. List the prime factors of z.
601
Suppose 12791 = 5*m + 8*h - 9*h, -4*m + 10244 = 2*h. Let r = m + -1590. List the prime factors of r.
3, 17, 19
Suppose 3 = -3*t + 3*r, t + 4*r + 12 + 9 = 0. Let z(u) = -10*u**3 - 3*u**2 - 34*u + 8. List the prime factors of z(t).
3, 11, 41
Suppose 7*l - 13*l + 180 = 0. List the prime factors of ((-2424)/l)/(4/(-10)).
2, 101
Suppose 3*c + 2*c + 2*h - 34 = 0, -24 = -5*c + 3*h. Let k be 15/c + 2/(-4)*1. Suppose 5*q - l - 100 = 0, -3*q + l = k*l - 52. List the prime factors of q.
19
Let a(l) = l**3 - 7*l**2 - l + 52. Let r be 29/3 + -6*(-4)/(-36). List the prime factors of a(r).
5, 41
Let m(f) = 12*f**2 - 144*f. Let v be m(12). Suppose v = 46*j - 12630 - 250. What are the prime factors of j?
2, 5, 7
Let f(q) = 16*q - 33. Let k be f(8). Let x = 99 - k. Suppose -p + 2*p + x*a = 218, -4*p = -3*a - 891. What are the prime factors of p?
2, 3, 37
Let s(g) be the third derivative of g**5/3 - g**4/6 + 13*g**3/6 + 36*g**2 + 2. What are the prime factors of s(5)?
17, 29
Suppose 128*i = 127*i + 1396. Let a = i - 835. List the prime factors of a.
3, 11, 17
Let s(c) = c**2 - 21*c - 162. Let m be s(27). Suppose m = -30*l + 49*l - 14497. List the prime factors of l.
7, 109
Let r = 778 + 3467. List the prime factors of r.
3, 5, 283
Let h be (-8 + -2)*37*-1. Let j = h - -324. What are the prime factors of j?
2, 347
Let r = -1768 - -88774. List the prime factors of r.
2, 3, 17, 853
Suppose -16*j + 203046 - 18610 + 210444 = 0. List the prime factors of j.
2, 5, 617
Suppose -p = r - 79202, -4*r - 2*p + 180232 = -136586. List the prime factors of r.
103, 769
Let i = 20 + -7. Suppose -i - 9 = -h. Let c = 1 + h. What are the prime factors of c?
23
Suppose 4*p - 29 = -2*n - 5, 0 = 3*p + n - 16. Let w be (-82)/(-8) - -2 - (-9)/(-36). What are the prime factors of (15/p)/(w/224 + 0)?
2, 5, 7
Suppose 3*u - u - 6 = 0. Suppose -13 = -u*l + 5. List the prime factors of (-152)/(-10)*-15*l/(-18).
2, 19
Suppose 4*i + 89763 = 5*t, 0 = 20*t - 25*t - 5. What are the prime factors of (i/(-8))/7 - (-6)/24?
401
Let g = 464 - 481. List the prime factors of 0 - 0 - -570 - (g + 11).
2, 3
Let x(l) = -18*l - 3. Let s be x(-6). Suppose 2*i + 2*t + s = 3*t, -5*i = -5*t + 250. Let q = 56 - i. What are the prime factors of q?
3, 37
Suppose 0 = 50*q + 111692 - 461392. What are the prime factors of q?
2, 13, 269
Let n = 106360 - 70710. List the prime factors of n.
2, 5, 23, 31
Let q(y) = -93*y**3 + 5*y**2 - 2*y - 15. Let w be q(-4). Suppose -7*j + 6015 + w = 0. What are the prime factors of j?
2, 5, 43
Let j(y) = -3*y + 18. Let h be -9 + 21 - 1*4. Let f be j(h). Let d(k) = k**3 + 7*k**2 + 5*k + 5. List the prime factors of d(f).
11
Let f = 2183 + -1791. What are the prime factors of f?
2, 7
Let i be 8/80 - 20995/(-50). Let q = i - 232. List the prime factors of q.
2, 47
Let z be 269 - 12/(-6 - -3). Let r = 247 + z. Suppose 15*a - r = 7*a. List the prime factors of a.
5, 13
Suppose -4*z + 21 = 9. Let o(t) = 5*t**2 - 2*t**2 - 5 + 2*t + t**3 - z*t**2 + 9*